t i = 718 - -428. Suppose -z + i = 5*a, a = -z + 2*a + 1146. What is the thousands digit of z?
1
Suppose 25*s - 433233 - 736466 + 263074 = 0. What is the hundreds digit of s?
2
Let p(y) = 6454*y**2 + 24*y + 25. What is the hundreds digit of p(-1)?
4
Suppose 9290 = 16*p - 11*p. Let r = p + -1290. Suppose 29*d - r = 21*d. What is the tens digit of d?
7
Let q be ((-12)/(-3) - 3) + 89 + 4. Let u = q - -69. What is the units digit of u?
3
Suppose -m - 5*y + 17 = 0, -3*y + 90 = 2*m - 7*y. Suppose 46*i - 693 = m*i. What is the units digit of i?
7
Suppose 0*k + 19674 = 3*h + 3*k, 19678 = 3*h + 5*k. Suppose -h + 20977 = 23*f. What is the hundreds digit of f?
6
Let c(x) = -x**3 + x**2 + x + 2810. Let h be c(0). Suppose s + s = h. What is the hundreds digit of (-2)/((-20)/s) + (-1)/2?
1
Suppose 0 = -27*u - 0*u - 17442. What is the tens digit of -5 - (u + 8) - (0 + 3)?
3
Suppose -3*y + 10*y + 658 = 0. Let k = y + 78. Let q = 63 + k. What is the units digit of q?
7
Let p = 104 - -183. Suppose -299*a = -p*a - 13860. What is the tens digit of a?
5
Let m be ((3 - -5) + -9)/((-2)/5046). Suppose 0 = -21*h - m + 38475. What is the thousands digit of h?
1
Suppose -4 = -2*o, -2*j + 4*o + 8128 = o. Suppose -1602 = 17*p - j. What is the tens digit of p?
4
Let c(y) = 0*y**3 + y - y**3 + 2*y**2 - 10*y**2 + 9 + 2*y**3. Let k be c(8). Let a = k + -4. What is the tens digit of a?
1
What is the thousands digit of 262656/243 + (24/(-27) - -1)?
1
Let m = 54 + -44. Suppose -22 = -11*y + m*y. Suppose 0 = 12*o - y*o + 1710. What is the hundreds digit of o?
1
Suppose -50*h + 48*h = 74. Let b = -34 - h. What is the tens digit of (-1)/12*b + (-1618)/(-8)?
0
Let h be 2/8 - 1702/(-8). Suppose -3*l + 3*b = -2*l - 71, 0 = -3*l - 5*b + h. Suppose 2*w - l = 343. What is the tens digit of w?
0
Suppose -9*w = -4*w - 1110. Suppose -3*c + 7 = 1. What is the units digit of w/4 - c/(-4)?
6
Let h(i) = -i**3 + 14*i**2 + 5*i + 30. Suppose -50 = 8*t - 162. Let w be h(t). What is the tens digit of 1/(1/w) + -3?
9
Let y = -153 - -157. Suppose 4*o = -4, o + y*o - 550 = -3*k. What is the hundreds digit of k?
1
Let w(i) = -551*i - 172. Let k be w(-23). What is the tens digit of k/51 - (-2)/(-17)?
4
Let c = -986 - -1446. Suppose -5*p + 10*p = c. Suppose 2*q - 310 = -4*k, -2*k - 659 - p = -5*q. What is the tens digit of q?
5
Suppose -2*u + 37027 = 5*p, 2*p + 42740 = 2*u + 5720. What is the tens digit of u?
1
Suppose -2 = -r - 3. What is the units digit of ((-56)/(-16))/(r/(-12))?
2
What is the thousands digit of 1435260/42 - 132/154?
4
Let b be -4 - (-24)/(-2 - -5). Let n(m) = -m**3 + 2*m**2 + m + 6. Let f be n(0). Suppose -4*t - f = b*q - 22, q - 3*t + 8 = 0. What is the units digit of q?
1
Let z = 139 + -116. Suppose 19*p + 116 = z*p. Let w = 92 - p. What is the units digit of w?
3
Suppose 0 = 2*o - 3319 - 305. What is the tens digit of (-7 + 2)*5/((-100)/o)?
5
Let n be (-10 - -8) + (-5)/(5/(-9)). Suppose 2*j = n*j - 795. What is the units digit of j?
9
Let h(a) = a**3 + 7*a**2 + 4*a - 9. Let j be h(-6). Suppose 0 = -2*c + j*s + 144, -2*c - 54 = -3*c - 3*s. What is the tens digit of c?
6
Let g be 252/(228/19)*(-28)/(-6). Let r(x) = -x**3 - 7*x**2 - 6*x + 6. Let f be r(-6). Suppose -f*i + g = i. What is the units digit of i?
4
Suppose -2*j - 3*o = -4*j + 1829, j = 4*o + 927. Let i = -522 + j. What is the hundreds digit of i?
3
Let i = -690 - -687. Let q(o) = -257*o - 43. What is the units digit of q(i)?
8
Suppose -7*w + 101217 = 15145. What is the hundreds digit of w?
2
Let h(u) = 1603*u - 725. What is the ten thousands digit of h(7)?
1
What is the ten thousands digit of (-272)/(-17 - -1) + 18504?
1
Suppose 11*r - 136 + 4 = 0. Suppose -r*s + 16*s - 984 = 0. What is the units digit of s?
6
What is the ten thousands digit of 72/(-30) + (-957385)/50*-2?
3
What is the units digit of (1/(-1))/((-7181910)/718190 + 10)?
9
What is the thousands digit of -4 + (-539988)/(-20) - (-98)/(-245)?
6
Suppose 3*s + 2*h = 100391, 5*s - 4*h = 6*s - 33477. What is the hundreds digit of s?
4
Let q(w) = 2*w**3 - 18*w**2 - 19*w + 54. What is the units digit of q(10)?
4
Let p be 0*((-10)/(-4) - 3) - 3009. Let q = p + 4321. What is the units digit of q?
2
Let a = 0 - -3. Let y(w) = -w**2 - 8*w + 109. Let k be y(-15). Suppose 2 = c + a, 0 = 4*r + k*c - 412. What is the tens digit of r?
0
Let l = 30 + -47. Let r(s) = s**3 + 17*s**2 - 5*s + 13. Let b be r(l). Suppose b + 202 = 6*u. What is the units digit of u?
0
Suppose 12*x + 263 = 179. What is the tens digit of (x - (-116 + -4)) + 3?
1
Let c = 28 + -24. Suppose c*i - 3 = 17. What is the units digit of 177/i - (-6)/10?
6
Suppose 5*i - 68160 = 4*a, -1143*i - a + 13641 = -1142*i. What is the thousands digit of i?
3
Let g = -12623 - -40425. What is the tens digit of g?
0
Suppose 56 = -2*h + 2*o, -4*o - 44 + 128 = -3*h. What is the units digit of (-4)/4 - 7/(h/384)?
5
Let y be (-4015)/(-45) + ((-29)/9 - -3). Suppose -12*f + y = -271. Suppose -4*s = -2*g + f + 104, 3*g - 5*s - 201 = 0. What is the tens digit of g?
6
Let m = 191 - 191. Suppose m = -26*f + 14866 + 2294. What is the tens digit of f?
6
Let w = 6824 - 5878. What is the units digit of w?
6
Let b(u) be the first derivative of -u**4/4 - 25*u**3/3 - 23*u**2 - 60*u - 9. What is the hundreds digit of b(-24)?
4
Suppose 32 = 16*n - 12*n + 2*q, 4*q = -n + 1. Suppose n*i + 1976 = 4*z + 13*i, -5*z + 2470 = i. What is the tens digit of z?
9
Let g(i) = i**3 - 6*i**2 + 4*i - 22. Let u be g(6). Suppose -u*r + 31 = -73. Suppose 145 = 53*k - r*k. What is the units digit of k?
5
Let u(w) = w**2 - 7*w - 17. Let i be u(10). Let o = i - -7. Suppose 8*x - 3*x - 65 = 4*m, 0 = 4*m + o. What is the units digit of x?
9
Let t = 55 - 48. Suppose -i = v - 19, 12 = t*i - 3*i. Suppose 3*r = y - 18, -4*r - r = 3*y + v. What is the units digit of y?
3
Suppose 59*f - 672 = 71*f. Let d = f - -190. What is the units digit of d?
4
Let i(o) = 5*o**2 + 2*o + 0*o**2 - o**3 - 5*o + 6 - o**2. Let a be i(3). What is the units digit of 1/a + 161/42?
4
Let h be (((-32)/(-4))/2)/(-2 + 0). Let n be 6 + -3 - (1 + h). What is the hundreds digit of 6/2*(n - 1460/(-15))?
3
What is the tens digit of (-9622)/(-7) - 11/(308/(-40))?
7
Let x = -8755 + 12613. What is the units digit of x?
8
Suppose 45444 = 116*t - 32*t. What is the hundreds digit of t?
5
Let c = 141 + -10. Let d = -129 + c. Suppose -7*n = 2*r - 2*n - 117, -4*n = -d*r + 126. What is the tens digit of r?
6
Let i(g) = g - 1. Let c be i(4). Let a be (3/c - 0) + -3. What is the tens digit of a/2*-27 + -2?
2
Let l(a) = 71 - 125 + 22*a + 465. What is the tens digit of l(0)?
1
Suppose 108*f = 111*f - 4284. Suppose -17*l + 10*l = -f. What is the units digit of l?
4
Suppose -17*o - 30 = -98. Let q(s) = 5*s - 18. Let z be q(5). Suppose -2*b - 678 = -o*r, z*b = -2*r + 6*b + 349. What is the hundreds digit of r?
1
Let n = 28984 - 6335. What is the units digit of n?
9
Let n(m) = m**3 + 19*m**2 - 40*m - 46. Let t be n(-19). Suppose 56*y - t = 54*y. What is the units digit of y?
7
Let h(z) = 18*z**2 - 2*z - 42. Let c(r) = r**3 + 17*r**2 + 17*r + 11. Let g be c(-16). What is the tens digit of h(g)?
1
What is the tens digit of (-1484)/(-21)*1668/8?
3
Suppose 0*q = 6*q - 612. Suppose -99*o = -q*o + 9. What is the units digit of (340/(-30))/((-1)/o)?
4
Suppose 4*w - 2*g - 24954 = 0, 3*g + 24390 + 559 = 4*w. What is the hundreds digit of w?
2
Let y(d) = -5*d - 18. Let r be y(-2). What is the hundreds digit of (-16830)/(-12) - 4/r?
4
Let n = 2629 + -2534. What is the units digit of n?
5
Let n(a) = -a. Let i be 4/(1/1 + -3). Let h be n(i). Suppose 4*q + 440 = 5*r, h*q + 352 = 4*r + 7*q. What is the units digit of r?
8
Suppose -5*g - 3*b = 2, -6*b = 3*g - 2*b + 10. Suppose 143*c - 139*c - 20 = 0. Suppose a + c = 2*z, a + 3*a - 2*z = -g. What is the units digit of a?
1
What is the tens digit of 2908 - (79/(-10) + 60/(-600))?
1
Let b be (-1 - 2) + 2 + 5. Let t be b*((-11)/(-14) - 28/98). Suppose -606 = -4*y - 2*g, -t*y + 333 = g - 6*g. What is the tens digit of y?
5
Suppose -327*f + 23811732 + 4862754 = 159*f. What is the tens digit of f?
0
Suppose r = -23 + 30. Suppose r*b - 704 - 283 = 0. What is the tens digit of b?
4
Let n(m) = m**3 - m**2 - 8*m + 14. Let i be n(2). Suppose 6*o - i*o = -5*r + 3621, -725 = -r - o. What is the u